{"id":3,"date":"2022-12-20T10:32:04","date_gmt":"2022-12-20T10:32:04","guid":{"rendered":"https:\/\/stolpersteine.buntes-meissen.de\/?page_id=3"},"modified":"2024-10-14T07:36:15","modified_gmt":"2024-10-14T07:36:15","slug":"privacy-policy","status":"publish","type":"page","link":"https:\/\/www.stolpersteine-meissen.de\/?page_id=3","title":{"rendered":"Impressum"},"content":{"rendered":"\n<p>Dienstanbieter dieser Seite ist B\u00fcrgerinitiative Stolpersteine Mei\u00dfen e.V.<\/p>\n\n\n\n<p><strong>Redaktionell verantwortlich gem\u00e4\u00df \u00a75 TMG:<\/strong><\/p>\n\n\n\n<p>B\u00fcrgerinitiative Stolpersteine Mei\u00dfen e.V.<br>Freiheit 7<br>01662 Mei\u00dfen<br>Redaktion: info@stolpersteine-meissen.de<\/p>\n\n\n\n<p><strong>Konto<\/strong><\/p>\n\n\n\n<p>IBAN: DE 92 8509 5004 7792 6810 04 <br>BIC: GENODEF1MEI<br>Volksbank Raiffeisenbank Mei\u00dfen Gro\u00dfenhain<br>Verwendungszweck: RT2300\/Stolpersteine, Mei\u00dfen, Germany<\/p>\n\n\n\n<p><strong>Haftung f\u00fcr Inhalte<\/strong><\/p>\n\n\n\n<p>Der Betreiber hat alle in seinem Bereich bereitgestellten Informationen nach bestem Wissen und Gewissen erarbeitet und gepr\u00fcft. Es wird jedoch keine Gew\u00e4hr f\u00fcr die Aktualit\u00e4t, Richtigkeit, Vollst\u00e4ndigkeit oder Qualit\u00e4t und jederzeitige Verf\u00fcgbarkeit der bereitgestellten Informationen \u00fcbernommen.<\/p>\n\n\n\n<p>F\u00fcr etwaige Sch\u00e4den, die beim Aufrufen oder Herunterladen von Daten durch Computerviren oder der Installation oder Nutzung von Software verursacht werden, wird nicht gehaftet.<\/p>\n\n\n\n<p>Namentlich gekennzeichnete Internetseiten und Kommentare geben die Auffassungen und Erkenntnisse der abfassenden Personen wieder. Der Betreiber beh\u00e4lt es sich ausdr\u00fccklich vor, einzelne Webseiten, Kommentare oder das gesamte Angebot ohne gesonderte Ank\u00fcndigung zu ver\u00e4ndern, zu erg\u00e4nzen, zu l\u00f6schen oder die Ver\u00f6ffentlichung zeitweise oder endg\u00fcltig einzustellen.<\/p>\n\n\n\n<p><strong>Links und Verweise<\/strong><\/p>\n\n\n\n<p>Der Betreiber ist nur f\u00fcr die \u201eeigenen Inhalte\u201c, die er zur Nutzung bereith\u00e4lt, nach den einschl\u00e4gigen Gesetzen verantwortlich.<br>Von diesen eigenen Inhalten sind Querverweise (\u201eLinks\u201c) auf die Webseiten anderer Anbieter zu unterscheiden.<\/p>\n\n\n\n<p>Durch den Querverweis vermittelt der Betreiber lediglich den Zugang zur Nutzung dieser Inhalte. F\u00fcr diese \u201efremden\u201c Inhalte ist er nicht verantwortlich, da er die \u00dcbermittlung der Information nicht veranlasst, den Adressaten der \u00fcbermittelten Informationen nicht ausw\u00e4hlt und die \u00fcbermittelten Informationen auch nicht ausgew\u00e4hlt oder ver\u00e4ndert hat. Auch eine automatische kurzzeitige Zwischenspeicherung dieser \u201efremden Informationen\u201c erfolgt wegen der gew\u00e4hlten Aufruf- und Verlinkungsmethodik nicht, so dass sich auch dadurch keine Verantwortlichkeit des Betreibers f\u00fcr diese fremden Inhalte ergibt.<\/p>\n\n\n\n<p>Bei der erstmaligen Verkn\u00fcpfung mit diesen Internetangeboten haben die Autoren der jeweiligen Webseiten oder die Redaktion des Betreibers den fremden Inhalt jedoch daraufhin \u00fcberpr\u00fcft, ob durch ihn eine m\u00f6gliche zivilrechtliche oder strafrechtliche Verantwortlichkeit ausgel\u00f6st wird. Sobald der Betreiber jedoch feststellt oder von anderen darauf hingewiesen wird, dass ein konkretes Angebot, zu dem es einen Link bereitgestellt hat, eine zivil- oder strafrechtliche Verantwortlichkeit ausl\u00f6st, wird es den Verweis auf dieses Angebot unverz\u00fcglich aufheben, soweit es technisch m\u00f6glich und zumutbar ist.<\/p>\n\n\n\n<p>F\u00fcr illegale, fehlerhafte oder unvollst\u00e4ndige Inhalte und insbesondere f\u00fcr Sch\u00e4den, die aus der Nutzung oder Nichtnutzung von Informationen Dritter entstehen, haftet allein der jeweilige Anbieter der Seite, auf welche verwiesen wurde.<\/p>\n\n\n\n<p><strong>Urheberrecht<\/strong><\/p>\n\n\n\n<p>Die auf dieser Website ver\u00f6ffentlichten Inhalte und Werke sind urheberrechtlich gesch\u00fctzt. Jede vom deutschen Urheberrecht nicht zugelassene Verwertung bedarf der vorherigen schriftlichen Zustimmung des jeweiligen Autors oder Urhebers. Dies gilt insbesondere f\u00fcr Vervielf\u00e4ltigung, Bearbeitung, \u00dcbersetzung, Einspeicherung, Verarbeitung bzw. Wiedergabe von Inhalten in Datenbanken oder anderen elektronischen Medien und Systemen. Inhalte und Beitr\u00e4ge Dritter sind dabei als solche gekennzeichnet. Die unerlaubte Vervielf\u00e4ltigung oder Weitergabe einzelner Inhalte oder kompletter Seiten ist nicht gestattet und strafbar. Lediglich die Herstellung von Kopien und Downloads f\u00fcr den pers\u00f6nlichen, privaten und nicht kommerziellen Gebrauch ist erlaubt.<\/p>\n\n\n\n<p>Links zu den Websites des Anbieters sind jederzeit willkommen und bed\u00fcrfen keiner Zustimmung durch den Betreiber der Website. Die Darstellung dieser Website in fremden Frames ist nur mit Erlaubnis zul\u00e4ssig ist.<\/p>\n","protected":false},"excerpt":{"rendered":"<p>Dienstanbieter dieser Seite ist B\u00fcrgerinitiative Stolpersteine Mei\u00dfen e.V. Redaktionell verantwortlich gem\u00e4\u00df \u00a75 TMG: B\u00fcrgerinitiative Stolpersteine Mei\u00dfen e.V.Freiheit 701662 Mei\u00dfenRedaktion: info@stolpersteine-meissen.de Konto IBAN: DE 92 8509 5004 7792 6810 04 BIC: GENODEF1MEIVolksbank Raiffeisenbank Mei\u00dfen Gro\u00dfenhainVerwendungszweck: RT2300\/Stolpersteine, Mei\u00dfen, Germany Haftung f\u00fcr Inhalte Der Betreiber hat alle in seinem Bereich bereitgestellten Informationen nach bestem Wissen und Gewissen erarbeitet<\/p>\n<p><a href=\"https:\/\/www.stolpersteine-meissen.de\/?page_id=3\" class=\"more-link themebutton\">Read More<\/a><\/p>\n","protected":false},"author":1,"featured_media":0,"parent":0,"menu_order":9,"comment_status":"closed","ping_status":"closed","template":"","meta":{"footnotes":""},"class_list":["post-3","page","type-page","status-publish","hentry"],"_links":{"self":[{"href":"https:\/\/www.stolpersteine-meissen.de\/index.php?rest_route=\/wp\/v2\/pages\/3","targetHints":{"allow":["GET"]}}],"collection":[{"href":"https:\/\/www.stolpersteine-meissen.de\/index.php?rest_route=\/wp\/v2\/pages"}],"about":[{"href":"https:\/\/www.stolpersteine-meissen.de\/index.php?rest_route=\/wp\/v2\/types\/page"}],"author":[{"embeddable":true,"href":"https:\/\/www.stolpersteine-meissen.de\/index.php?rest_route=\/wp\/v2\/users\/1"}],"replies":[{"embeddable":true,"href":"https:\/\/www.stolpersteine-meissen.de\/index.php?rest_route=%2Fwp%2Fv2%2Fcomments&post=3"}],"version-history":[{"count":4,"href":"https:\/\/www.stolpersteine-meissen.de\/index.php?rest_route=\/wp\/v2\/pages\/3\/revisions"}],"predecessor-version":[{"id":106,"href":"https:\/\/www.stolpersteine-meissen.de\/index.php?rest_route=\/wp\/v2\/pages\/3\/revisions\/106"}],"wp:attachment":[{"href":"https:\/\/www.stolpersteine-meissen.de\/index.php?rest_route=%2Fwp%2Fv2%2Fmedia&parent=3"}],"curies":[{"name":"wp","href":"https:\/\/api.w.org\/{rel}","templated":true}]}}