{"id":37,"date":"2023-01-11T10:14:47","date_gmt":"2023-01-11T10:14:47","guid":{"rendered":"https:\/\/stolpersteine.buntes-meissen.de\/?page_id=37"},"modified":"2023-01-11T12:18:26","modified_gmt":"2023-01-11T12:18:26","slug":"ueber-uns","status":"publish","type":"page","link":"https:\/\/www.stolpersteine-meissen.de\/?page_id=37","title":{"rendered":"\u00dcber uns"},"content":{"rendered":"\n<p><strong>Unsere Initiative und unser Ziel<\/strong><\/p>\n\n\n\n<p>Wir, die Mei\u00dfner B\u00fcrgerinitiative Stolpersteine, wollen an die \u00fcber 80 Mei\u00dfner Juden erinnern, die Opfer der Ideologie des Nationalsozialismus wurden. Seit 2012 haben wir das Ziel, diesen Personen ihre Identit\u00e4t und ihr Schicksal zur\u00fcckzugeben. Mit jedem neuen Stolperstein sorgen wir f\u00fcr eine Erinnerung. Wir m\u00f6chten durch die Verlegung von Stolpersteinen und Veranstaltungen gezielt auf die einzelnen Schicksale aufmerksam machen, damit sie nicht vergessen werden.<\/p>\n\n\n\n<p>Die durch Spenden finanzierten, metallgefassten, pflastersteingro\u00dfen Gedenksteine mit Namen und knappen Informationen zu den Personen wurden vor der letzten freiwillig gew\u00e4hlten Adresse der Mei\u00dfner J\u00fcdinnen und Juden eingesetzt und f\u00fcgen sich damit in ein deutschland-, ja europaweites Muster von \u00e4hnlichen Gedenksteinen ein. Und nun sie geben Gelegenheit, sich konkret an die Mitb\u00fcrgerinnen und Mitb\u00fcrger zu erinnern, die aus der Gesellschaft ausgesto\u00dfen, vertrieben und ermordet wurden.<\/p>\n\n\n\n<p>Sie sollen uns mahnen, dass Rassenhass und Gleichg\u00fcltigkeit nie wieder in unsere Gesellschaft einziehen d\u00fcrfen.<\/p>\n","protected":false},"excerpt":{"rendered":"<p>Unsere Initiative und unser Ziel Wir, die Mei\u00dfner B\u00fcrgerinitiative Stolpersteine, wollen an die \u00fcber 80 Mei\u00dfner Juden erinnern, die Opfer der Ideologie des Nationalsozialismus wurden. Seit 2012 haben wir das Ziel, diesen Personen ihre Identit\u00e4t und ihr Schicksal zur\u00fcckzugeben. Mit jedem neuen Stolperstein sorgen wir f\u00fcr eine Erinnerung. Wir m\u00f6chten durch die Verlegung von Stolpersteinen<\/p>\n<p><a href=\"https:\/\/www.stolpersteine-meissen.de\/?page_id=37\" class=\"more-link themebutton\">Read More<\/a><\/p>\n","protected":false},"author":1,"featured_media":0,"parent":0,"menu_order":0,"comment_status":"closed","ping_status":"closed","template":"","meta":{"footnotes":""},"class_list":["post-37","page","type-page","status-publish","hentry"],"_links":{"self":[{"href":"https:\/\/www.stolpersteine-meissen.de\/index.php?rest_route=\/wp\/v2\/pages\/37","targetHints":{"allow":["GET"]}}],"collection":[{"href":"https:\/\/www.stolpersteine-meissen.de\/index.php?rest_route=\/wp\/v2\/pages"}],"about":[{"href":"https:\/\/www.stolpersteine-meissen.de\/index.php?rest_route=\/wp\/v2\/types\/page"}],"author":[{"embeddable":true,"href":"https:\/\/www.stolpersteine-meissen.de\/index.php?rest_route=\/wp\/v2\/users\/1"}],"replies":[{"embeddable":true,"href":"https:\/\/www.stolpersteine-meissen.de\/index.php?rest_route=%2Fwp%2Fv2%2Fcomments&post=37"}],"version-history":[{"count":3,"href":"https:\/\/www.stolpersteine-meissen.de\/index.php?rest_route=\/wp\/v2\/pages\/37\/revisions"}],"predecessor-version":[{"id":75,"href":"https:\/\/www.stolpersteine-meissen.de\/index.php?rest_route=\/wp\/v2\/pages\/37\/revisions\/75"}],"wp:attachment":[{"href":"https:\/\/www.stolpersteine-meissen.de\/index.php?rest_route=%2Fwp%2Fv2%2Fmedia&parent=37"}],"curies":[{"name":"wp","href":"https:\/\/api.w.org\/{rel}","templated":true}]}}